= 0. Calculate the remainder when p is divided by (c*11 + 1)/(-1).
9
What is the remainder when 9*7 + (7 - 7) - 1 is divided by 16?
14
Suppose -5*m + 2*w = 3*w - 38, -22 = -m - 5*w. What is the remainder when 20 is divided by m?
6
Let y be (9/(-6))/3*-92. Suppose -5*w = -131 + y. Suppose -5*v - 12 = -3*b, 0*v + 2*v = b - 3. Calculate the remainder when w is divided by b.
8
Let b(p) = p**2 - 5*p + 9. Calculate the remainder when 18 is divided by b(4).
3
Suppose 0 = 4*w + 4 + 4. Let m = w - -7. Suppose m*n - 1 = -f + 59, 15 = 3*f. What is the remainder when 31 is divided by n?
9
Suppose -r - 12 = -2*r. Calculate the remainder when r is divided by ((-7)/(-2 + 1))/1*1.
5
Let f(t) = -3*t**3 - 2*t**2 - t + 1. Let d(w) = -w**3 - w**2 - 2*w - 1. What is the remainder when d(-4) is divided by f(-2)?
17
Let z = 5 - 6. Calculate the remainder when (0/z - 2) + 23 is divided by 2/2*12 - 1.
10
What is the remainder when 65 is divided by (-70)/(-5) + (-2 - -6)?
11
Calculate the remainder when 22/(7/(49/2)) is divided by 20.
17
Suppose 8 = -3*z + 80. Let n = 4 - 10. Let o = 7 - n. What is the remainder when z is divided by o?
11
Let q(l) = -l**3 - 4*l**2 + 2*l - 7. Let p be q(-5). Calculate the remainder when 80 is divided by p + -5 - 24/(-1).
26
Let r(k) = k + 9. Let g be r(-4). Suppose -g*v + 10*v - 55 = 0. What is the remainder when 21 is divided by v?
10
Let c = -2 - 10. Calculate the remainder when 4/(-16) - 387/c is divided by 18.
14
What is the remainder when 45 is divided by (5 - 7)*23/(-2)?
22
Suppose 5*c = 5*g + 25, 4*c - g + 2 - 13 = 0. Suppose -c*y + 75 = y. What is the remainder when y is divided by (-1 + (-22)/4)*-2?
12
Let c = 31 + 11. Suppose c = 3*a - 12. Calculate the remainder when 88 is divided by a.
16
Let u(i) = i**3 + 9*i**2 + 19*i + 40. Let h(s) = 2*s - 3. What is the remainder when u(-6) is divided by h(6)?
7
Suppose 3*u + 197 = 5*k + 52, 2*u = -2*k + 42. What is the remainder when 44 is divided by k?
18
Suppose -2*m = -4 - 10. Let y = 0 + m. What is the remainder when 20 is divided by y?
6
Suppose -5*w = -431 - 159. What is the remainder when w is divided by 15?
13
Suppose 0*u - 84 = -4*u. Calculate the remainder when 40 is divided by u.
19
Suppose -7*z = -2*z - 140. Let o be z/35*(-110)/(-4). Let q = o - 8. Calculate the remainder when 39 is divided by q.
11
Suppose 0*t = 3*t + 30. Let a be ((-8)/t)/(4/10). Suppose a*j - 2*i - 52 = i, i + 84 = 4*j. What is the remainder when 58 is divided by j?
18
Suppose q + 5*l = -2*q + 21, -q - 13 = -5*l. Calculate the remainder when 1118/91 + q/(-7) is divided by 5.
2
Let h = 5 + -1. Suppose 6 + 7 = 3*k - 2*v, -h*v + 16 = 0. Calculate the remainder when k is divided by 2.
1
Suppose -76 = -2*v - 2*v. Let a(s) = -s + 2. Let o be a(3). Calculate the remainder when v is divided by 1 + 1 + o + 6.
5
Let x(j) = -j**2 - 2 - j + 2*j**2 + 7*j. Calculate the remainder when x(-8) is divided by -10*(3/2 - 2).
4
Let a = 5 + 0. Suppose u = -u + 6. Suppose -u*c + z + z = -158, a = -5*z. Calculate the remainder when c is divided by 18.
16
Let g = -6 + 60. Suppose -3*f - 4*d + 39 = -11, 5*f + d = 72. Calculate the remainder when g is divided by f.
12
Let b = 29 - 15. Calculate the remainder when (-3)/(-2) - (-204)/8 is divided by b.
13
Let m = -436 - -443. Suppose 2*x = -0*x + 82. What is the remainder when x is divided by m?
6
Let f = 22 + -1. Suppose f = 2*b - 29. Suppose -2*u - b = -5*q, 5*u = q - 0*u - 5. What is the remainder when 12 is divided by q?
2
What is the remainder when 2 - (-5)/(-1) - (-37 - -1) is divided by 21?
12
Calculate the remainder when (-5 + 0 - -3)/(1/(-2)) is divided by 1.
0
Suppose 5*t - 106 = g + g, -t = 2*g - 14. What is the remainder when -14 + 13 + 0 + t is divided by 10?
9
Suppose -55 = -9*j + 4*j. Let g(r) = r**2 - 7*r - 2. What is the remainder when j is divided by g(8)?
5
Let g = -21 + -21. Let i = g - -111. What is the remainder when i is divided by 24?
21
Let p(r) = 4*r**2 + 2*r - 6. What is the remainder when p(-4) is divided by 13?
11
Suppose r - 5*n + 21 = 0, 20 = 3*r + n + 3. Let i(d) = -d**3 + 5*d**2 - 3*d - 2. Calculate the remainder when r is divided by i(4).
0
Let f(j) = -j**3 + 10*j**2 - 7*j - 8. Calculate the remainder when -2 - -53 - 4/1 is divided by f(9).
7
Let j = -30 - -24. Let n(w) = -4*w. Calculate the remainder when n(j) is divided by 13.
11
Let u(v) = 26*v**3 + v**2 - 1. Suppose 6*s - 17 - 37 = 0. Calculate the remainder when u(1) is divided by s.
8
Suppose -51 = -3*y + 3*n, 4*y + n = 4*n + 72. Let m = -6 - -12. What is the remainder when y is divided by m?
3
Let u = 1 - -15. Let y = u - -1. Calculate the remainder when y is divided by 10.
7
Let w(f) = -f**2 - 5*f - 2. Let l be w(-4). Suppose k = l*k. Suppose 2*b + k*b - 10 = 2*z, 4*b - 2*z = 22. What is the remainder when 11 is divided by b?
5
Let d = -4 + 53. Let m(b) = -17*b. Calculate the remainder when d is divided by m(-1).
15
Suppose z + 3 = 0, 9*c - 5*z - 63 = 7*c. Calculate the remainder when 70 is divided by c.
22
Let y(k) = k**2 - 8*k + 7. Let d be y(7). Suppose d = 3*i - 12 - 9. Calculate the remainder when 13 is divided by i.
6
Suppose 6*c - 3*c = -5*f - 17, -2*f - 3*c - 14 = 0. Calculate the remainder when 52 is divided by (f - -3) + -2 + 18.
16
Suppose 22 = 4*x - 5*o, o + 3*o + 2 = -2*x. What is the remainder when 177/x - (0 + 1) is divided by 20?
18
Suppose -4*q - 3*c = -0*c + 4, -5*q - 3*c - 2 = 0. Calculate the remainder when 5 is divided by q.
1
Let r = 4 + 12. Let d = r + 1. Calculate the remainder when 65 is divided by d.
14
Let m(f) = f**2 - 4*f + 2. Let r be m(4). Calculate the remainder when ((-68 + r)/(-2))/1 is divided by 12.
9
Let t be (-12)/2*(-1)/3. Let p(d) be the second derivative of -d**4/12 + d**3/2 - d**2/2 + 2*d. What is the remainder when 1 is divided by p(t)?
0
Let o(w) = -w**2 - 8*w - 3. Let d be o(-5). Suppose 0 = z - 2 + 8. Let i = d + z. What is the remainder when i is divided by 4?
2
Suppose -a + 45 = 2*a. Suppose a = -0*j + 3*j. Suppose j*t - 28 = 7. Calculate the remainder when 19 is divided by t.
5
Suppose -12*l - 45 = -13*l. Calculate the remainder when l is divided by 17.
11
Let z(w) = -w + 18. Let k = -14 - -36. Calculate the remainder when k is divided by z(12).
4
Let u be 3*((-60)/9)/(-4). Let m = u + 2. Calculate the remainder when 18 is divided by m.
4
Suppose b - 4*h - 1 = -8, 5*b + h = 49. Suppose 3*s - b = -3. Suppose -4*m = s*w + 2*w - 68, 0 = 5*m. Calculate the remainder when w is divided by 6.
5
Let l(z) = -z**3 + 3*z**2 + 2*z + 2. Calculate the remainder when l(-3) is divided by 17.
16
Suppose 2*b - 6 = 94. Suppose 6*k + b = 11*k. Calculate the remainder when 36 is divided by k.
6
Let p(u) be the second derivative of 2*u**3/3 - 5*u**2 - 3*u. Suppose 0 = q + 3*q - 32. Calculate the remainder when p(8) is divided by q.
6
Let n = -36 - 6. Calculate the remainder when 4/14 + (-912)/n is divided by 8.
6
Let l be 10 - (-3 + 1 + 4). Suppose -4*b + l = -0*b. Calculate the remainder when b is divided by 2.
0
Let s(d) = 2*d + 14. Calculate the remainder when s(9) is divided by 17.
15
Suppose -3 = b + 1. Let d(m) = -7*m - 5. What is the remainder when d(b) is divided by (4/(-6) + 0)*-12?
7
Suppose -u + 288 = 3*u. Suppose -5*w - 12 + u = 0. Suppose 2*m = -3*f + 5*f - 50, 2*f + m = 41. Calculate the remainder when f is divided by w.
10
Let y(t) be the second derivative of t**5/20 + t**4/2 - 11*t**3/6 - 4*t**2 - 2*t. Calculate the remainder when (-2)/4*944/(-8) is divided by y(-7).
19
What is the remainder when (-3)/(-6)*(4 + -3 + 133) is divided by 7?
4
Let n(f) = 3*f**3 + 23*f**2 + 12*f + 12. Calculate the remainder when 49 is divided by n(-7).
23
Suppose -5 = 3*i + 2*k - 54, -4*i - 4*k + 68 = 0. Let v = i - 8. Suppose -v = -p - 3. Calculate the remainder when 11 is divided by p.
3
Suppose -y + 69 = 2*y. Let f = y + -9. Calculate the remainder when 26 is divided by f.
12
Suppose 2*d - 12 = -4*h, -2*d - 3*h = -6 - 5. Suppose -d*t = -5*t + 11. Calculate the remainder when 21 is divided by t.
10
Let b(u) = 2*u**2 + 4*u - 17. What is the remainder when b(5) is divided by (3/1)/(4/24)?
17
Let b(y) = 7*y**2 + 2*y + 5. What is the remainder when 83 is divided by b(-2)?
25
What is the remainder when 81 is divided by (-2)/10 - (-3 + (-280)/25)?
11
Let x(m) = 2*m**3 